Last updated on 2021-03-04 00:48:05 CET.
Flavor | Version | Tinstall | Tcheck | Ttotal | Status | Flags |
---|---|---|---|---|---|---|
r-devel-linux-x86_64-debian-clang | 2.6.1 | 16.46 | 285.96 | 302.42 | OK | |
r-devel-linux-x86_64-debian-gcc | 2.6.1 | 13.35 | 190.76 | 204.11 | OK | |
r-devel-linux-x86_64-fedora-clang | 2.6.1 | 374.25 | NOTE | |||
r-devel-linux-x86_64-fedora-gcc | 2.6.1 | 353.80 | OK | |||
r-devel-windows-ix86+x86_64 | 2.6.1 | 25.00 | 247.00 | 272.00 | OK | |
r-patched-linux-x86_64 | 2.6.1 | 18.15 | 259.14 | 277.29 | OK | |
r-patched-solaris-x86 | 2.6.1 | 469.20 | OK | |||
r-release-linux-x86_64 | 2.6.1 | 17.85 | 257.25 | 275.10 | OK | |
r-release-macos-x86_64 | 2.6.1 | OK | ||||
r-release-windows-ix86+x86_64 | 2.6.1 | 16.00 | 219.00 | 235.00 | OK | |
r-oldrel-macos-x86_64 | 2.6.1 | OK | ||||
r-oldrel-windows-ix86+x86_64 | 2.6.1 | 25.00 | 271.00 | 296.00 | OK |
Version: 2.6.1
Check: Rd cross-references
Result: NOTE
Undeclared package ‘future’ in Rd xrefs
Flavor: r-devel-linux-x86_64-fedora-clang