Last updated on 2021-03-04 00:48:05 CET.
Flavor | Version | Tinstall | Tcheck | Ttotal | Status | Flags |
---|---|---|---|---|---|---|
r-devel-linux-x86_64-debian-clang | 1.4-3 | 1.80 | 42.95 | 44.75 | OK | |
r-devel-linux-x86_64-debian-gcc | 1.4-3 | 2.10 | 33.74 | 35.84 | OK | |
r-devel-linux-x86_64-fedora-clang | 1.4-3 | 62.90 | OK | |||
r-devel-linux-x86_64-fedora-gcc | 1.4-3 | 53.34 | OK | |||
r-devel-windows-ix86+x86_64 | 1.4-3 | 9.00 | 75.00 | 84.00 | OK | |
r-patched-linux-x86_64 | 1.4-3 | 1.93 | 41.21 | 43.14 | OK | |
r-patched-solaris-x86 | 1.4-3 | 91.60 | OK | |||
r-release-linux-x86_64 | 1.4-3 | 1.71 | 41.05 | 42.76 | OK | |
r-release-macos-x86_64 | 1.4-3 | OK | ||||
r-release-windows-ix86+x86_64 | 1.4-3 | 11.00 | 70.00 | 81.00 | OK | |
r-oldrel-macos-x86_64 | 1.4-3 | NOTE | ||||
r-oldrel-windows-ix86+x86_64 | 1.4-3 | 4.00 | 68.00 | 72.00 | OK |
Version: 1.4-3
Check: dependencies in R code
Result: NOTE
No protocol specified
No protocol specified
Flavor: r-oldrel-macos-x86_64