CRAN Package Check Results for Package pdfCluster

Last updated on 2021-03-04 00:48:05 CET.

Flavor Version Tinstall Tcheck Ttotal Status Flags
r-devel-linux-x86_64-debian-clang 1.0-3 7.95 52.50 60.45 OK
r-devel-linux-x86_64-debian-gcc 1.0-3 6.59 39.41 46.00 OK
r-devel-linux-x86_64-fedora-clang 1.0-3 82.23 NOTE
r-devel-linux-x86_64-fedora-gcc 1.0-3 70.32 OK
r-devel-windows-ix86+x86_64 1.0-3 20.00 83.00 103.00 OK
r-patched-linux-x86_64 1.0-3 7.75 49.47 57.22 OK
r-patched-solaris-x86 1.0-3 107.50 OK
r-release-linux-x86_64 1.0-3 7.37 49.34 56.71 OK
r-release-macos-x86_64 1.0-3 OK
r-release-windows-ix86+x86_64 1.0-3 21.00 102.00 123.00 OK
r-oldrel-macos-x86_64 1.0-3 OK
r-oldrel-windows-ix86+x86_64 1.0-3 42.00 110.00 152.00 OK

Check Details

Version: 1.0-3
Check: Rd cross-references
Result: NOTE
    Undeclared packages ‘sm’, ‘spdep’ in Rd xrefs
Flavor: r-devel-linux-x86_64-fedora-clang