CRAN Package Check Results for Package pedometrics

Last updated on 2021-03-04 00:48:05 CET.

Flavor Version Tinstall Tcheck Ttotal Status Flags
r-devel-linux-x86_64-debian-clang 0.7.0 20.05 52.82 72.87 OK
r-devel-linux-x86_64-debian-gcc 0.7.0 12.17 39.93 52.10 OK
r-devel-linux-x86_64-fedora-clang 0.7.0 103.30 NOTE
r-devel-linux-x86_64-fedora-gcc 0.7.0 86.51 OK
r-devel-windows-ix86+x86_64 0.7.0 47.00 86.00 133.00 OK
r-patched-linux-x86_64 0.7.0 15.35 50.21 65.56 OK
r-patched-solaris-x86 0.7.0 116.80 OK
r-release-linux-x86_64 0.7.0 18.16 50.16 68.32 OK
r-release-macos-x86_64 0.7.0 OK
r-release-windows-ix86+x86_64 0.7.0 46.00 98.00 144.00 OK
r-oldrel-macos-x86_64 0.7.0 NOTE
r-oldrel-windows-ix86+x86_64 0.7.0 59.00 95.00 154.00 OK

Check Details

Version: 0.7.0
Check: Rd cross-references
Result: NOTE
    Undeclared packages ‘Hmisc’, ‘vcd’, ‘VecStatGraphs2D’, ‘mvtsplot’, ‘matrixStats’, ‘RandomFields’, ‘automap’, ‘spsann’ in Rd xrefs
Flavor: r-devel-linux-x86_64-fedora-clang

Version: 0.7.0
Check: dependencies in R code
Result: NOTE
    No protocol specified
    No protocol specified
Flavor: r-oldrel-macos-x86_64