CRAN Package Check Results for Package penMSM

Last updated on 2021-03-04 00:48:05 CET.

Flavor Version Tinstall Tcheck Ttotal Status Flags
r-devel-linux-x86_64-debian-clang 0.99 18.97 27.87 46.84 OK
r-devel-linux-x86_64-debian-gcc 0.99 11.56 21.91 33.47 OK
r-devel-linux-x86_64-fedora-clang 0.99 71.78 NOTE
r-devel-linux-x86_64-fedora-gcc 0.99 55.28 NOTE
r-devel-windows-ix86+x86_64 0.99 44.00 55.00 99.00 OK
r-patched-linux-x86_64 0.99 14.92 26.98 41.90 OK
r-patched-solaris-x86 0.99 71.60 OK
r-release-linux-x86_64 0.99 14.03 26.94 40.97 OK
r-release-macos-x86_64 0.99 OK
r-release-windows-ix86+x86_64 0.99 42.00 61.00 103.00 OK
r-oldrel-macos-x86_64 0.99 OK
r-oldrel-windows-ix86+x86_64 0.99 55.00 60.00 115.00 OK

Check Details

Version: 0.99
Check: compiled code
Result: NOTE
    File ‘penMSM/libs/penMSM.so’:
     Found no calls to: ‘R_registerRoutines’, ‘R_useDynamicSymbols’
    
    It is good practice to register native routines and to disable symbol
    search.
    
    See ‘Writing portable packages’ in the ‘Writing R Extensions’ manual.
Flavors: r-devel-linux-x86_64-fedora-clang, r-devel-linux-x86_64-fedora-gcc