CRAN Package Check Results for Package perARMA

Last updated on 2021-03-04 00:48:05 CET.

Flavor Version Tinstall Tcheck Ttotal Status Flags
r-devel-linux-x86_64-debian-clang 1.6 7.02 50.43 57.45 NOTE
r-devel-linux-x86_64-debian-gcc 1.6 5.64 37.99 43.63 NOTE
r-devel-linux-x86_64-fedora-clang 1.6 78.21 NOTE
r-devel-linux-x86_64-fedora-gcc 1.6 66.62 NOTE
r-devel-windows-ix86+x86_64 1.6 12.00 52.00 64.00 OK
r-patched-linux-x86_64 1.6 5.98 46.79 52.77 NOTE
r-patched-solaris-x86 1.6 91.30 NOTE
r-release-linux-x86_64 1.6 6.94 46.94 53.88 NOTE
r-release-macos-x86_64 1.6 OK
r-release-windows-ix86+x86_64 1.6 10.00 64.00 74.00 OK
r-oldrel-macos-x86_64 1.6 OK
r-oldrel-windows-ix86+x86_64 1.6 10.00 66.00 76.00 OK

Check Details

Version: 1.6
Check: for non-standard things in the check directory
Result: NOTE
    Found the following files/directories:
     'PARMA21del1_ident'
Flavors: r-devel-linux-x86_64-debian-clang, r-devel-linux-x86_64-debian-gcc, r-devel-linux-x86_64-fedora-clang, r-devel-linux-x86_64-fedora-gcc, r-patched-linux-x86_64, r-patched-solaris-x86, r-release-linux-x86_64