CRAN Package Check Results for Package photosynthesis

Last updated on 2021-03-04 00:48:05 CET.

Flavor Version Tinstall Tcheck Ttotal Status Flags
r-devel-linux-x86_64-debian-clang 2.0.0 11.17 200.26 211.43 OK
r-devel-linux-x86_64-debian-gcc 2.0.0 10.14 143.25 153.39 OK
r-devel-linux-x86_64-fedora-clang 2.0.0 248.49 OK
r-devel-linux-x86_64-fedora-gcc 2.0.0 236.63 OK
r-devel-windows-ix86+x86_64 2.0.0 28.00 208.00 236.00 OK
r-patched-linux-x86_64 2.0.0 12.85 185.17 198.02 OK
r-patched-solaris-x86 2.0.0 567.10 OK
r-release-linux-x86_64 2.0.0 12.85 186.19 199.04 OK
r-release-macos-x86_64 2.0.0 OK
r-release-windows-ix86+x86_64 2.0.0 18.00 217.00 235.00 OK
r-oldrel-macos-x86_64 2.0.0 ERROR
r-oldrel-windows-ix86+x86_64 1.0.2 7.00 126.00 133.00 OK

Check Details

Version: 2.0.0
Check: package dependencies
Result: ERROR
    Packages required and available but unsuitable versions:
     'graphics', 'grDevices', 'stats', 'utils'
    
    See section ‘The DESCRIPTION file’ in the ‘Writing R Extensions’
    manual.
Flavor: r-oldrel-macos-x86_64