CRAN Package Check Results for Package piecewiseSEM

Last updated on 2021-03-04 00:48:05 CET.

Flavor Version Tinstall Tcheck Ttotal Status Flags
r-devel-linux-x86_64-debian-clang 2.1.2 14.70 127.41 142.11 OK
r-devel-linux-x86_64-debian-gcc 2.1.2 11.55 94.51 106.06 OK
r-devel-linux-x86_64-fedora-clang 2.1.2 177.85 OK
r-devel-linux-x86_64-fedora-gcc 2.1.2 165.70 OK
r-devel-windows-ix86+x86_64 2.1.2 34.00 128.00 162.00 OK
r-patched-linux-x86_64 2.1.2 14.10 117.35 131.45 OK
r-patched-solaris-x86 2.1.2 248.50 OK
r-release-linux-x86_64 2.1.2 13.37 118.27 131.64 OK
r-release-macos-x86_64 2.1.2 OK
r-release-windows-ix86+x86_64 2.1.2 25.00 129.00 154.00 OK
r-oldrel-macos-x86_64 2.1.2 ERROR
r-oldrel-windows-ix86+x86_64 2.1.0 29.00 151.00 180.00 OK

Check Details

Version: 2.1.2
Check: whether package can be installed
Result: ERROR
    Installation failed.
Flavor: r-oldrel-macos-x86_64