CRAN Package Check Results for Package pinochet

Last updated on 2021-03-04 00:48:05 CET.

Flavor Version Tinstall Tcheck Ttotal Status Flags
r-devel-linux-x86_64-debian-clang 0.1.0 1.82 27.41 29.23 OK
r-devel-linux-x86_64-debian-gcc 0.1.0 1.49 21.79 23.28 OK
r-devel-linux-x86_64-fedora-clang 0.1.0 45.46 NOTE
r-devel-linux-x86_64-fedora-gcc 0.1.0 35.29 NOTE
r-devel-windows-ix86+x86_64 0.1.0 6.00 36.00 42.00 OK
r-patched-linux-x86_64 0.1.0 1.82 26.54 28.36 OK
r-patched-solaris-x86 0.1.0 62.10 NOTE
r-release-linux-x86_64 0.1.0 1.95 26.54 28.49 OK
r-release-macos-x86_64 0.1.0 NOTE
r-release-windows-ix86+x86_64 0.1.0 5.00 35.00 40.00 OK
r-oldrel-macos-x86_64 0.1.0 NOTE
r-oldrel-windows-ix86+x86_64 0.1.0 15.00 44.00 59.00 OK

Check Details

Version: 0.1.0
Check: data for non-ASCII characters
Result: NOTE
     Note: found 2048 marked UTF-8 strings
Flavors: r-devel-linux-x86_64-fedora-clang, r-devel-linux-x86_64-fedora-gcc, r-patched-solaris-x86, r-release-macos-x86_64, r-oldrel-macos-x86_64