Last updated on 2021-03-04 00:48:05 CET.
Flavor | Version | Tinstall | Tcheck | Ttotal | Status | Flags |
---|---|---|---|---|---|---|
r-devel-linux-x86_64-debian-clang | 0.4.5 | 6.87 | 76.95 | 83.82 | OK | |
r-devel-linux-x86_64-debian-gcc | 0.4.5 | 6.41 | 59.33 | 65.74 | OK | |
r-devel-linux-x86_64-fedora-clang | 0.4.5 | 109.56 | NOTE | |||
r-devel-linux-x86_64-fedora-gcc | 0.4.5 | 102.05 | NOTE | |||
r-devel-windows-ix86+x86_64 | 0.4.5 | 12.00 | 85.00 | 97.00 | OK | |
r-patched-linux-x86_64 | 0.4.5 | 7.54 | 73.25 | 80.79 | OK | |
r-patched-solaris-x86 | 0.4.5 | 131.80 | NOTE | |||
r-release-linux-x86_64 | 0.4.5 | 7.00 | 73.63 | 80.63 | OK | |
r-release-macos-x86_64 | 0.4.5 | NOTE | ||||
r-release-windows-ix86+x86_64 | 0.4.5 | 10.00 | 82.00 | 92.00 | OK | |
r-oldrel-macos-x86_64 | 0.4.5 | NOTE | ||||
r-oldrel-windows-ix86+x86_64 | 0.4.5 | 11.00 | 94.00 | 105.00 | OK |
Version: 0.4.5
Check: data for non-ASCII characters
Result: NOTE
Note: found 36 marked UTF-8 strings
Flavors: r-devel-linux-x86_64-fedora-clang, r-devel-linux-x86_64-fedora-gcc, r-patched-solaris-x86, r-release-macos-x86_64, r-oldrel-macos-x86_64