CRAN Package Check Results for Package plac

Last updated on 2021-03-04 00:48:05 CET.

Flavor Version Tinstall Tcheck Ttotal Status Flags
r-devel-linux-x86_64-debian-clang 0.1.1 109.21 74.01 183.22 OK
r-devel-linux-x86_64-debian-gcc 0.1.1 85.36 59.34 144.70 OK
r-devel-linux-x86_64-fedora-clang 0.1.1 257.51 NOTE
r-devel-linux-x86_64-fedora-gcc 0.1.1 240.05 NOTE
r-devel-windows-ix86+x86_64 0.1.1 218.00 108.00 326.00 OK
r-patched-linux-x86_64 0.1.1 97.48 72.07 169.55 OK
r-patched-solaris-x86 0.1.1 234.20 OK
r-release-linux-x86_64 0.1.1 93.95 72.11 166.06 OK
r-release-macos-x86_64 0.1.1 NOTE
r-release-windows-ix86+x86_64 0.1.1 158.00 123.00 281.00 OK
r-oldrel-macos-x86_64 0.1.1 NOTE
r-oldrel-windows-ix86+x86_64 0.1.1 187.00 127.00 314.00 OK

Check Details

Version: 0.1.1
Check: installed package size
Result: NOTE
     installed size is 25.3Mb
     sub-directories of 1Mb or more:
     libs 25.2Mb
Flavors: r-devel-linux-x86_64-fedora-clang, r-release-macos-x86_64, r-oldrel-macos-x86_64

Version: 0.1.1
Check: compiled code
Result: NOTE
    File ‘plac/libs/plac.so’:
     Found no calls to: ‘R_registerRoutines’, ‘R_useDynamicSymbols’
    
    It is good practice to register native routines and to disable symbol
    search.
    
    See ‘Writing portable packages’ in the ‘Writing R Extensions’ manual.
Flavors: r-devel-linux-x86_64-fedora-clang, r-devel-linux-x86_64-fedora-gcc