Last updated on 2021-03-04 00:48:06 CET.
Flavor | Version | Tinstall | Tcheck | Ttotal | Status | Flags |
---|---|---|---|---|---|---|
r-devel-linux-x86_64-debian-clang | 0.6.0 | 14.68 | 327.54 | 342.22 | OK | |
r-devel-linux-x86_64-debian-gcc | 0.6.0 | 11.95 | 239.21 | 251.16 | OK | |
r-devel-linux-x86_64-fedora-clang | 0.6.0 | 392.82 | NOTE | |||
r-devel-linux-x86_64-fedora-gcc | 0.6.0 | 385.88 | OK | |||
r-devel-windows-ix86+x86_64 | 0.6.0 | 29.00 | 292.00 | 321.00 | OK | |
r-patched-linux-x86_64 | 0.6.0 | 16.63 | 319.64 | 336.27 | OK | |
r-patched-solaris-x86 | 0.6.0 | 489.30 | OK | |||
r-release-linux-x86_64 | 0.6.0 | 14.57 | 321.27 | 335.84 | OK | |
r-release-macos-x86_64 | 0.6.0 | OK | ||||
r-release-windows-ix86+x86_64 | 0.6.0 | 24.00 | 303.00 | 327.00 | OK | |
r-oldrel-macos-x86_64 | 0.6.0 | OK | ||||
r-oldrel-windows-ix86+x86_64 | 0.6.0 | 25.00 | 365.00 | 390.00 | OK |
Version: 0.6.0
Check: package dependencies
Result: NOTE
Imports includes 22 non-default packages.
Importing from so many packages makes the package vulnerable to any of
them becoming unavailable. Move as many as possible to Suggests and
use conditionally.
Flavor: r-devel-linux-x86_64-fedora-clang