CRAN Package Check Results for Package ppsr

Last updated on 2021-03-04 00:48:06 CET.

Flavor Version Tinstall Tcheck Ttotal Status Flags
r-devel-linux-x86_64-debian-clang 0.0.2 2.92 56.90 59.82 OK
r-devel-linux-x86_64-debian-gcc 0.0.2 2.26 44.92 47.18 OK
r-devel-linux-x86_64-fedora-clang 0.0.2 80.02 NOTE
r-devel-linux-x86_64-fedora-gcc 0.0.2 70.67 NOTE
r-patched-solaris-x86 0.0.2 103.00 NOTE
r-oldrel-macos-x86_64 0.0.2 ERROR

Check Details

Version: 0.0.2
Check: dependencies in R code
Result: NOTE
    Namespaces in Imports field not imported from:
     ‘rpart’ ‘withr’
     All declared Imports should be used.
Flavors: r-devel-linux-x86_64-fedora-clang, r-devel-linux-x86_64-fedora-gcc, r-patched-solaris-x86

Version: 0.0.2
Check: package dependencies
Result: ERROR
    Package required and available but unsuitable version: ‘parallel’
    
    See section ‘The DESCRIPTION file’ in the ‘Writing R Extensions’
    manual.
Flavor: r-oldrel-macos-x86_64