CRAN Package Check Results for Package prospectr

Last updated on 2021-03-04 00:48:06 CET.

Flavor Version Tinstall Tcheck Ttotal Status Flags
r-devel-linux-x86_64-debian-clang 0.2.1 47.75 106.33 154.08 OK
r-devel-linux-x86_64-debian-gcc 0.2.1 32.39 81.63 114.02 OK
r-devel-linux-x86_64-fedora-clang 0.2.1 208.12 OK
r-devel-linux-x86_64-fedora-gcc 0.2.1 189.70 OK
r-devel-windows-ix86+x86_64 0.2.1 103.00 171.00 274.00 OK
r-patched-linux-x86_64 0.2.1 39.56 102.92 142.48 OK
r-patched-solaris-x86 0.2.1 300.50 OK
r-release-linux-x86_64 0.2.1 35.37 101.26 136.63 OK
r-release-macos-x86_64 0.2.1 NOTE
r-release-windows-ix86+x86_64 0.2.1 75.00 166.00 241.00 OK
r-oldrel-macos-x86_64 0.2.1 NOTE
r-oldrel-windows-ix86+x86_64 0.2.1 92.00 189.00 281.00 OK

Check Details

Version: 0.2.1
Check: installed package size
Result: NOTE
     installed size is 5.6Mb
     sub-directories of 1Mb or more:
     data 1.9Mb
     libs 3.0Mb
Flavors: r-release-macos-x86_64, r-oldrel-macos-x86_64