Last updated on 2021-03-04 00:48:06 CET.
Flavor | Version | Tinstall | Tcheck | Ttotal | Status | Flags |
---|---|---|---|---|---|---|
r-devel-linux-x86_64-debian-clang | 2.1 | 78.02 | 31.24 | 109.26 | OK | |
r-devel-linux-x86_64-debian-gcc | 2.1 | 49.71 | 24.86 | 74.57 | OK | |
r-devel-linux-x86_64-fedora-clang | 2.1 | 160.69 | NOTE | |||
r-devel-linux-x86_64-fedora-gcc | 2.1 | 135.92 | NOTE | |||
r-devel-windows-ix86+x86_64 | 2.1 | 179.00 | 68.00 | 247.00 | OK | |
r-patched-linux-x86_64 | 2.1 | 59.95 | 30.22 | 90.17 | OK | |
r-patched-solaris-x86 | 2.1 | 140.30 | NOTE | |||
r-release-linux-x86_64 | 2.1 | 60.97 | 30.63 | 91.60 | OK | |
r-release-macos-x86_64 | 2.1 | NOTE | ||||
r-release-windows-ix86+x86_64 | 2.1 | 174.00 | 79.00 | 253.00 | OK | |
r-oldrel-macos-x86_64 | 2.1 | NOTE | ||||
r-oldrel-windows-ix86+x86_64 | 2.1 | 158.00 | 83.00 | 241.00 | OK |
Version: 2.1
Check: top-level files
Result: NOTE
‘configure’: ‘env bash’ is not portable as bash need not be installed
Flavors: r-devel-linux-x86_64-fedora-clang, r-devel-linux-x86_64-fedora-gcc
Version: 2.1
Check: package dependencies
Result: NOTE
Package suggested but not available for checking: ‘RProtoBuf’
Flavor: r-patched-solaris-x86
Version: 2.1
Check: installed package size
Result: NOTE
installed size is 24.0Mb
sub-directories of 1Mb or more:
libs 23.9Mb
Flavors: r-release-macos-x86_64, r-oldrel-macos-x86_64