Last updated on 2021-03-04 00:48:06 CET.
Flavor | Version | Tinstall | Tcheck | Ttotal | Status | Flags |
---|---|---|---|---|---|---|
r-devel-linux-x86_64-debian-clang | 2.4.3 | 39.88 | 258.41 | 298.29 | OK | |
r-devel-linux-x86_64-debian-gcc | 2.4.3 | 32.01 | 196.31 | 228.32 | OK | |
r-devel-linux-x86_64-fedora-clang | 2.4.3 | 367.37 | NOTE | |||
r-devel-linux-x86_64-fedora-gcc | 2.4.3 | 350.00 | OK | |||
r-devel-windows-ix86+x86_64 | 2.4.3 | 71.00 | 228.00 | 299.00 | OK | |
r-patched-linux-x86_64 | 2.4.3 | 35.06 | 242.03 | 277.09 | OK | |
r-patched-solaris-x86 | 2.4.3 | 428.60 | OK | |||
r-release-linux-x86_64 | 2.4.3 | 34.51 | 241.38 | 275.89 | OK | |
r-release-macos-x86_64 | 2.4.3 | OK | ||||
r-release-windows-ix86+x86_64 | 2.4.3 | 48.00 | 255.00 | 303.00 | OK | |
r-oldrel-macos-x86_64 | 2.4.3 | OK | ||||
r-oldrel-windows-ix86+x86_64 | 2.4.3 | 67.00 | 280.00 | 347.00 | OK |
Version: 2.4.3
Check: Rd cross-references
Result: NOTE
Undeclared package ‘gplots’ in Rd xrefs
Flavor: r-devel-linux-x86_64-fedora-clang