CRAN Package Check Results for Package qte

Last updated on 2021-03-04 00:48:07 CET.

Flavor Version Tinstall Tcheck Ttotal Status Flags
r-devel-linux-x86_64-debian-clang 1.3.0 16.02 146.10 162.12 OK
r-devel-linux-x86_64-debian-gcc 1.3.0 10.64 112.43 123.07 OK
r-devel-linux-x86_64-fedora-clang 1.3.0 203.77 NOTE
r-devel-linux-x86_64-fedora-gcc 1.3.0 184.65 NOTE
r-devel-windows-ix86+x86_64 1.3.0 33.00 120.00 153.00 OK
r-patched-linux-x86_64 1.3.0 10.45 131.85 142.30 OK
r-patched-solaris-x86 1.3.0 270.60 NOTE
r-release-linux-x86_64 1.3.0 11.11 134.35 145.46 OK
r-release-macos-x86_64 1.3.0 NOTE
r-release-windows-ix86+x86_64 1.3.0 23.00 125.00 148.00 OK
r-oldrel-macos-x86_64 1.3.0 NOTE
r-oldrel-windows-ix86+x86_64 1.3.0 28.00 164.00 192.00 OK

Check Details

Version: 1.3.0
Check: dependencies in R code
Result: NOTE
    Namespaces in Imports field not imported from:
     ‘knitr’ ‘msm’
     All declared Imports should be used.
Flavors: r-devel-linux-x86_64-fedora-clang, r-devel-linux-x86_64-fedora-gcc, r-patched-solaris-x86, r-release-macos-x86_64, r-oldrel-macos-x86_64