Last updated on 2021-03-04 00:48:07 CET.
Flavor | Version | Tinstall | Tcheck | Ttotal | Status | Flags |
---|---|---|---|---|---|---|
r-devel-linux-x86_64-debian-clang | 0.24 | 847.20 | 223.24 | 1070.44 | OK | |
r-devel-linux-x86_64-debian-gcc | 0.24 | 514.33 | 166.69 | 681.02 | OK | |
r-devel-linux-x86_64-fedora-clang | 0.24 | 1517.75 | NOTE | |||
r-devel-linux-x86_64-fedora-gcc | 0.24 | 1298.20 | OK | |||
r-devel-windows-ix86+x86_64 | 0.24 | 1854.00 | 355.00 | 2209.00 | NOTE | |
r-patched-linux-x86_64 | 0.24 | 647.40 | 210.19 | 857.59 | OK | |
r-patched-solaris-x86 | 0.24 | 1076.70 | NOTE | |||
r-release-linux-x86_64 | 0.24 | 630.41 | 211.81 | 842.22 | OK | |
r-release-macos-x86_64 | 0.24 | NOTE | ||||
r-release-windows-ix86+x86_64 | 0.24 | 1400.00 | 381.00 | 1781.00 | NOTE | |
r-oldrel-macos-x86_64 | 0.24 | NOTE | ||||
r-oldrel-windows-ix86+x86_64 | 0.24 | 1721.00 | 415.00 | 2136.00 | NOTE |
Version: 0.24
Check: installed package size
Result: NOTE
installed size is 50.6Mb
sub-directories of 1Mb or more:
extdata 3.3Mb
libs 46.0Mb
Flavors: r-devel-linux-x86_64-fedora-clang, r-devel-windows-ix86+x86_64, r-patched-solaris-x86, r-release-macos-x86_64, r-release-windows-ix86+x86_64, r-oldrel-macos-x86_64, r-oldrel-windows-ix86+x86_64
Version: 0.24
Check: R code for possible problems
Result: NOTE
plot_genes : plot_genes_internal: no visible global function definition
for ‘plot’
plot_onegeno : plot_onegeno_internal: no visible global function
definition for ‘plot’
plot_peaks : plot_peaks_internal: no visible global function definition
for ‘plot’
plot_pxg : plot_pxg_internal: no visible global function definition for
‘plot’
plot_scan1 : plot_scan1_internal: no visible global function definition
for ‘plot’
Undefined global functions or variables:
plot
Consider adding
importFrom("graphics", "plot")
to your NAMESPACE file.
Flavors: r-oldrel-macos-x86_64, r-oldrel-windows-ix86+x86_64