CRAN Package Check Results for Package quantmod

Last updated on 2021-03-04 00:48:07 CET.

Flavor Version Tinstall Tcheck Ttotal Status Flags
r-devel-linux-x86_64-debian-clang 0.4.18 19.95 89.77 109.72 NOTE
r-devel-linux-x86_64-debian-gcc 0.4.18 13.48 67.50 80.98 NOTE
r-devel-linux-x86_64-fedora-clang 0.4.18 138.56 OK
r-devel-linux-x86_64-fedora-gcc 0.4.18 124.83 OK
r-devel-windows-ix86+x86_64 0.4.18 31.00 88.00 119.00 OK
r-patched-linux-x86_64 0.4.18 15.65 82.10 97.75 NOTE
r-patched-solaris-x86 0.4.18 155.10 OK
r-release-linux-x86_64 0.4.18 15.44 82.48 97.92 NOTE
r-release-macos-x86_64 0.4.18 OK
r-release-windows-ix86+x86_64 0.4.18 24.00 88.00 112.00 OK
r-oldrel-macos-x86_64 0.4.18 OK
r-oldrel-windows-ix86+x86_64 0.4.18 24.00 105.00 129.00 OK

Check Details

Version: 0.4.18
Check: R code for possible problems
Result: NOTE
    Found the following calls to attach():
    File 'quantmod/R/attachSymbols.R':
     attach(NULL, pos = pos, name = DB$name)
     attach(NULL, pos = pos, name = DB$name)
    See section 'Good practice' in '?attach'.
Flavors: r-devel-linux-x86_64-debian-clang, r-devel-linux-x86_64-debian-gcc, r-patched-linux-x86_64, r-release-linux-x86_64