CRAN Package Check Results for Package r2dictionary

Last updated on 2021-03-04 00:48:07 CET.

Flavor Version Tinstall Tcheck Ttotal Status Flags
r-devel-linux-x86_64-debian-clang 0.1 4.71 57.65 62.36 OK
r-devel-linux-x86_64-debian-gcc 0.1 5.46 63.04 68.50 OK
r-devel-linux-x86_64-fedora-clang 0.1 112.51 NOTE
r-devel-linux-x86_64-fedora-gcc 0.1 100.34 NOTE
r-devel-windows-ix86+x86_64 0.1 12.00 77.00 89.00 OK
r-patched-linux-x86_64 0.1 6.73 75.83 82.56 OK
r-patched-solaris-x86 0.1 140.00 NOTE
r-release-linux-x86_64 0.1 6.44 76.72 83.16 OK
r-release-macos-x86_64 0.1 NOTE
r-release-windows-ix86+x86_64 0.1 12.00 67.00 79.00 OK
r-oldrel-macos-x86_64 0.1 NOTE
r-oldrel-windows-ix86+x86_64 0.1 10.00 76.00 86.00 OK

Check Details

Version: 0.1
Check: installed package size
Result: NOTE
     installed size is 5.0Mb
Flavor: r-devel-linux-x86_64-fedora-clang

Version: 0.1
Check: dependencies in R code
Result: NOTE
    Namespace in Imports field not imported from: ‘utils’
     All declared Imports should be used.
Flavors: r-devel-linux-x86_64-fedora-clang, r-devel-linux-x86_64-fedora-gcc, r-patched-solaris-x86, r-release-macos-x86_64, r-oldrel-macos-x86_64