CRAN Package Check Results for Package rDEA

Last updated on 2021-03-04 00:48:07 CET.

Flavor Version Tinstall Tcheck Ttotal Status Flags
r-devel-linux-x86_64-debian-clang 1.2-6 4.84 59.20 64.04 OK
r-devel-linux-x86_64-debian-gcc 1.2-6 4.45 43.71 48.16 OK
r-devel-linux-x86_64-fedora-clang 1.2-6 85.68 NOTE
r-devel-linux-x86_64-fedora-gcc 1.2-6 74.10 OK
r-devel-windows-ix86+x86_64 1.2-6 16.00 118.00 134.00 OK
r-patched-linux-x86_64 1.2-6 4.79 55.38 60.17 OK
r-patched-solaris-x86 1.2-6 95.70 OK
r-release-linux-x86_64 1.2-6 5.64 55.49 61.13 OK
r-release-macos-x86_64 1.2-6 OK
r-release-windows-ix86+x86_64 1.2-6 10.00 98.00 108.00 OK
r-oldrel-macos-x86_64 1.2-6 OK
r-oldrel-windows-ix86+x86_64 1.2-6 11.00 108.00 119.00 OK

Check Details

Version: 1.2-6
Check: Rd cross-references
Result: NOTE
    Undeclared package ‘Rglpk’ in Rd xrefs
Flavor: r-devel-linux-x86_64-fedora-clang