CRAN Package Check Results for Package rFIA

Last updated on 2021-03-04 00:48:08 CET.

Flavor Version Tinstall Tcheck Ttotal Status Flags
r-devel-linux-x86_64-debian-clang 0.3.1 29.66 173.55 203.21 OK
r-devel-linux-x86_64-debian-gcc 0.3.1 26.53 125.54 152.07 OK
r-devel-linux-x86_64-fedora-clang 0.3.1 251.50 NOTE
r-devel-linux-x86_64-fedora-gcc 0.3.1 234.17 NOTE
r-devel-windows-ix86+x86_64 0.3.1 56.00 230.00 286.00 OK
r-patched-linux-x86_64 0.3.1 30.65 157.38 188.03 OK
r-patched-solaris-x86 0.3.1 314.00 NOTE
r-release-linux-x86_64 0.3.1 28.71 157.37 186.08 OK
r-release-macos-x86_64 0.3.1 NOTE
r-release-windows-ix86+x86_64 0.3.1 38.00 183.00 221.00 OK
r-oldrel-macos-x86_64 0.3.1 NOTE
r-oldrel-windows-ix86+x86_64 0.3.1 50.00 209.00 259.00 OK

Check Details

Version: 0.3.1
Check: dependencies in R code
Result: NOTE
    Namespace in Imports field not imported from: ‘lifecycle’
     All declared Imports should be used.
Flavors: r-devel-linux-x86_64-fedora-clang, r-devel-linux-x86_64-fedora-gcc, r-patched-solaris-x86, r-release-macos-x86_64, r-oldrel-macos-x86_64