Last updated on 2021-03-04 00:48:09 CET.
Flavor | Version | Tinstall | Tcheck | Ttotal | Status | Flags |
---|---|---|---|---|---|---|
r-devel-linux-x86_64-debian-clang | 1.3 | 79.75 | 71.40 | 151.15 | NOTE | |
r-devel-linux-x86_64-debian-gcc | 1.3 | 50.74 | 53.94 | 104.68 | NOTE | |
r-devel-linux-x86_64-fedora-clang | 1.3 | 214.56 | NOTE | |||
r-devel-linux-x86_64-fedora-gcc | 1.3 | 201.06 | NOTE | |||
r-devel-windows-ix86+x86_64 | 1.3 | 172.00 | 126.00 | 298.00 | NOTE | |
r-patched-linux-x86_64 | 1.3 | 60.85 | 65.44 | 126.29 | NOTE | |
r-patched-solaris-x86 | 1.3 | 208.10 | NOTE | |||
r-release-linux-x86_64 | 1.3 | 60.28 | 66.05 | 126.33 | NOTE | |
r-release-macos-x86_64 | 1.3 | NOTE | ||||
r-release-windows-ix86+x86_64 | 1.3 | 133.00 | 104.00 | 237.00 | NOTE | |
r-oldrel-macos-x86_64 | 1.3 | NOTE | ||||
r-oldrel-windows-ix86+x86_64 | 1.3 | 167.00 | 116.00 | 283.00 | NOTE |
Version: 1.3
Check: for GNU extensions in Makefiles
Result: NOTE
GNU make is a SystemRequirements.
Flavors: r-devel-linux-x86_64-debian-clang, r-devel-linux-x86_64-debian-gcc, r-devel-linux-x86_64-fedora-clang, r-devel-linux-x86_64-fedora-gcc, r-devel-windows-ix86+x86_64, r-patched-linux-x86_64, r-patched-solaris-x86, r-release-linux-x86_64, r-release-macos-x86_64, r-release-windows-ix86+x86_64, r-oldrel-macos-x86_64, r-oldrel-windows-ix86+x86_64
Version: 1.3
Check: package dependencies
Result: NOTE
Packages suggested but not available for checking: 'graph', 'Rgraphviz'
Flavor: r-oldrel-macos-x86_64