Last updated on 2021-03-04 00:48:07 CET.
Flavor | Version | Tinstall | Tcheck | Ttotal | Status | Flags |
---|---|---|---|---|---|---|
r-devel-linux-x86_64-debian-clang | 1.3.12 | 16.48 | 130.78 | 147.26 | OK | |
r-devel-linux-x86_64-debian-gcc | 1.3.12 | 12.57 | 99.52 | 112.09 | OK | |
r-devel-linux-x86_64-fedora-clang | 1.3.12 | 182.63 | NOTE | |||
r-devel-linux-x86_64-fedora-gcc | 1.3.12 | 171.66 | OK | |||
r-devel-windows-ix86+x86_64 | 1.3.12 | 37.00 | 166.00 | 203.00 | OK | |
r-patched-linux-x86_64 | 1.3.12 | 15.23 | 124.30 | 139.53 | OK | |
r-patched-solaris-x86 | 1.3.12 | 242.20 | OK | |||
r-release-linux-x86_64 | 1.3.12 | 13.95 | 125.44 | 139.39 | OK | |
r-release-macos-x86_64 | 1.3.12 | OK | ||||
r-release-windows-ix86+x86_64 | 1.3.12 | 26.00 | 136.00 | 162.00 | OK | |
r-oldrel-macos-x86_64 | 1.3.12 | OK | ||||
r-oldrel-windows-ix86+x86_64 | 1.3.12 | 31.00 | 160.00 | 191.00 | OK |
Version: 1.3.12
Check: package dependencies
Result: NOTE
Imports includes 27 non-default packages.
Importing from so many packages makes the package vulnerable to any of
them becoming unavailable. Move as many as possible to Suggests and
use conditionally.
Flavor: r-devel-linux-x86_64-fedora-clang