Last updated on 2021-03-04 00:48:07 CET.
Flavor | Version | Tinstall | Tcheck | Ttotal | Status | Flags |
---|---|---|---|---|---|---|
r-devel-linux-x86_64-debian-clang | 0.1.7 | 202.64 | 246.75 | 449.39 | NOTE | |
r-devel-linux-x86_64-debian-gcc | 0.1.7 | 138.62 | 183.86 | 322.48 | NOTE | |
r-devel-linux-x86_64-fedora-clang | 0.1.7 | 625.69 | NOTE | |||
r-devel-linux-x86_64-fedora-gcc | 0.1.7 | 562.83 | NOTE | |||
r-devel-windows-ix86+x86_64 | 0.1.7 | 446.00 | 396.00 | 842.00 | NOTE | |
r-patched-linux-x86_64 | 0.1.7 | 161.09 | 234.74 | 395.83 | NOTE | |
r-patched-solaris-x86 | 0.1.7 | 797.30 | NOTE | |||
r-release-linux-x86_64 | 0.1.7 | 158.74 | 237.38 | 396.12 | NOTE | |
r-release-macos-x86_64 | 0.1.7 | NOTE | ||||
r-release-windows-ix86+x86_64 | 0.1.7 | 321.00 | 377.00 | 698.00 | NOTE | |
r-oldrel-macos-x86_64 | 0.1.7 | NOTE | ||||
r-oldrel-windows-ix86+x86_64 | 0.1.7 | 397.00 | 498.00 | 895.00 | NOTE |
Version: 0.1.7
Check: package dependencies
Result: NOTE
Package suggested but not available for checking: 'gurobi'
Flavors: r-devel-linux-x86_64-debian-clang, r-devel-linux-x86_64-debian-gcc, r-devel-linux-x86_64-fedora-clang, r-devel-linux-x86_64-fedora-gcc, r-devel-windows-ix86+x86_64, r-patched-linux-x86_64, r-patched-solaris-x86, r-release-linux-x86_64, r-release-macos-x86_64, r-release-windows-ix86+x86_64, r-oldrel-macos-x86_64, r-oldrel-windows-ix86+x86_64
Version: 0.1.7
Check: installed package size
Result: NOTE
installed size is 18.4Mb
sub-directories of 1Mb or more:
data 3.6Mb
doc 1.4Mb
libs 12.7Mb
Flavors: r-devel-linux-x86_64-fedora-clang, r-devel-windows-ix86+x86_64, r-patched-solaris-x86, r-release-macos-x86_64, r-release-windows-ix86+x86_64, r-oldrel-macos-x86_64, r-oldrel-windows-ix86+x86_64
Version: 0.1.7
Check: dependencies in R code
Result: NOTE
Namespace in Imports field not imported from: ‘rgdal’
All declared Imports should be used.
Flavors: r-devel-linux-x86_64-fedora-clang, r-devel-linux-x86_64-fedora-gcc, r-patched-solaris-x86, r-release-macos-x86_64, r-oldrel-macos-x86_64