Last updated on 2021-03-04 00:48:07 CET.
Flavor | Version | Tinstall | Tcheck | Ttotal | Status | Flags |
---|---|---|---|---|---|---|
r-devel-linux-x86_64-debian-clang | 0.5.1 | 12.84 | 118.13 | 130.97 | OK | |
r-devel-linux-x86_64-debian-gcc | 0.5.1 | 11.28 | 87.82 | 99.10 | OK | |
r-devel-linux-x86_64-fedora-clang | 0.5.1 | 160.55 | NOTE | |||
r-devel-linux-x86_64-fedora-gcc | 0.5.1 | 160.25 | NOTE | |||
r-devel-windows-ix86+x86_64 | 0.5.1 | 27.00 | 118.00 | 145.00 | OK | |
r-patched-linux-x86_64 | 0.5.1 | 11.80 | 107.32 | 119.12 | OK | |
r-patched-solaris-x86 | 0.5.1 | 200.60 | NOTE | |||
r-release-linux-x86_64 | 0.5.1 | 13.63 | 110.06 | 123.69 | OK | |
r-release-macos-x86_64 | 0.5.1 | NOTE | ||||
r-release-windows-ix86+x86_64 | 0.5.1 | 21.00 | 114.00 | 135.00 | OK | |
r-oldrel-macos-x86_64 | 0.5.1 | NOTE | ||||
r-oldrel-windows-ix86+x86_64 | 0.5.1 | 24.00 | 142.00 | 166.00 | OK |
Version: 0.5.1
Check: dependencies in R code
Result: NOTE
Namespace in Imports field not imported from: ‘ggplot2’
All declared Imports should be used.
Flavors: r-devel-linux-x86_64-fedora-clang, r-devel-linux-x86_64-fedora-gcc, r-patched-solaris-x86, r-release-macos-x86_64, r-oldrel-macos-x86_64