CRAN Package Check Results for Package readrba

Last updated on 2021-03-04 00:48:07 CET.

Flavor Version Tinstall Tcheck Ttotal Status Flags
r-devel-linux-x86_64-debian-clang 0.1.0 5.22 54.81 60.03 OK
r-devel-linux-x86_64-debian-gcc 0.1.0 3.77 41.11 44.88 OK
r-devel-linux-x86_64-fedora-clang 0.1.0 78.82 NOTE
r-devel-linux-x86_64-fedora-gcc 0.1.0 70.11 OK
r-devel-windows-ix86+x86_64 0.1.0 10.00 117.00 127.00 OK
r-patched-linux-x86_64 0.1.0 5.51 51.35 56.86 OK
r-patched-solaris-x86 0.1.0 103.40 OK
r-release-linux-x86_64 0.1.0 5.52 51.48 57.00 OK
r-release-macos-x86_64 0.1.0 OK
r-release-windows-ix86+x86_64 0.1.0 10.00 94.00 104.00 OK
r-oldrel-macos-x86_64 0.1.0 OK
r-oldrel-windows-ix86+x86_64 0.1.0 10.00 88.00 98.00 OK

Check Details

Version: 0.1.0
Check: Rd cross-references
Result: NOTE
    Undeclared package ‘magrittr’ in Rd xrefs
Flavor: r-devel-linux-x86_64-fedora-clang