CRAN Package Check Results for Package recexcavAAR

Last updated on 2021-03-04 00:48:07 CET.

Flavor Version Tinstall Tcheck Ttotal Status Flags
r-devel-linux-x86_64-debian-clang 0.3.0 77.60 57.38 134.98 OK
r-devel-linux-x86_64-debian-gcc 0.3.0 50.35 44.15 94.50 OK
r-devel-linux-x86_64-fedora-clang 0.3.0 192.74 NOTE
r-devel-linux-x86_64-fedora-gcc 0.3.0 168.49 OK
r-devel-windows-ix86+x86_64 0.3.0 177.00 88.00 265.00 OK
r-patched-linux-x86_64 0.3.0 56.56 54.74 111.30 OK
r-patched-solaris-x86 0.3.0 171.70 WARN
r-release-linux-x86_64 0.3.0 61.07 54.22 115.29 OK
r-release-macos-x86_64 0.3.0 WARN
r-release-windows-ix86+x86_64 0.3.0 125.00 105.00 230.00 OK
r-oldrel-macos-x86_64 0.3.0 WARN
r-oldrel-windows-ix86+x86_64 0.3.0 162.00 104.00 266.00 OK

Check Details

Version: 0.3.0
Check: installed package size
Result: NOTE
     installed size is 6.4Mb
     sub-directories of 1Mb or more:
     doc 2.5Mb
     libs 3.7Mb
Flavor: r-devel-linux-x86_64-fedora-clang

Version: 0.3.0
Check: re-building of vignette outputs
Result: WARN
    Error(s) in re-building vignettes:
     ...
    --- re-building ‘recexcavAAR-vignette-1.Rmd’ using rmarkdown
    Warning in engine$weave(file, quiet = quiet, encoding = enc) :
     Pandoc (>= 1.12.3) and/or pandoc-citeproc not available. Falling back to R Markdown v1.
    Quitting from lines 13-17 (recexcavAAR-vignette-1.Rmd)
    Error: processing vignette 'recexcavAAR-vignette-1.Rmd' failed with diagnostics:
    These vignettes assume pandoc version 1.13.1; older versions will not work.
    --- failed re-building ‘recexcavAAR-vignette-1.Rmd’
    
    --- re-building ‘recexcavAAR-vignette-2.Rmd’ using rmarkdown
    Warning in engine$weave(file, quiet = quiet, encoding = enc) :
     Pandoc (>= 1.12.3) and/or pandoc-citeproc not available. Falling back to R Markdown v1.
    Quitting from lines 13-17 (recexcavAAR-vignette-2.Rmd)
    Error: processing vignette 'recexcavAAR-vignette-2.Rmd' failed with diagnostics:
    These vignettes assume pandoc version 1.13.1; older versions will not work.
    --- failed re-building ‘recexcavAAR-vignette-2.Rmd’
    
    --- re-building ‘recexcavAAR-vignette-3.Rmd’ using rmarkdown
    Warning in engine$weave(file, quiet = quiet, encoding = enc) :
     Pandoc (>= 1.12.3) and/or pandoc-citeproc not available. Falling back to R Markdown v1.
    Quitting from lines 13-17 (recexcavAAR-vignette-3.Rmd)
    Error: processing vignette 'recexcavAAR-vignette-3.Rmd' failed with diagnostics:
    These vignettes assume pandoc version 1.13.1; older versions will not work.
    --- failed re-building ‘recexcavAAR-vignette-3.Rmd’
    
    SUMMARY: processing the following files failed:
     ‘recexcavAAR-vignette-1.Rmd’ ‘recexcavAAR-vignette-2.Rmd’
     ‘recexcavAAR-vignette-3.Rmd’
    
    Error: Vignette re-building failed.
    Execution halted
Flavor: r-patched-solaris-x86

Version: 0.3.0
Check: re-building of vignette outputs
Result: WARN
    Error(s) in re-building vignettes:
    --- re-building ‘recexcavAAR-vignette-1.Rmd’ using rmarkdown
    Warning in engine$weave(file, quiet = quiet, encoding = enc) :
     Pandoc (>= 1.12.3) and/or pandoc-citeproc not available. Falling back to R Markdown v1.
    Quitting from lines 13-17 (recexcavAAR-vignette-1.Rmd)
    Error: processing vignette 'recexcavAAR-vignette-1.Rmd' failed with diagnostics:
    These vignettes assume pandoc version 1.13.1; older versions will not work.
    --- failed re-building ‘recexcavAAR-vignette-1.Rmd’
    
    --- re-building ‘recexcavAAR-vignette-2.Rmd’ using rmarkdown
    Warning in engine$weave(file, quiet = quiet, encoding = enc) :
     Pandoc (>= 1.12.3) and/or pandoc-citeproc not available. Falling back to R Markdown v1.
    Quitting from lines 13-17 (recexcavAAR-vignette-2.Rmd)
    Error: processing vignette 'recexcavAAR-vignette-2.Rmd' failed with diagnostics:
    These vignettes assume pandoc version 1.13.1; older versions will not work.
    --- failed re-building ‘recexcavAAR-vignette-2.Rmd’
    
    --- re-building ‘recexcavAAR-vignette-3.Rmd’ using rmarkdown
    Warning in engine$weave(file, quiet = quiet, encoding = enc) :
     Pandoc (>= 1.12.3) and/or pandoc-citeproc not available. Falling back to R Markdown v1.
    Quitting from lines 13-17 (recexcavAAR-vignette-3.Rmd)
    Error: processing vignette 'recexcavAAR-vignette-3.Rmd' failed with diagnostics:
    These vignettes assume pandoc version 1.13.1; older versions will not work.
    --- failed re-building ‘recexcavAAR-vignette-3.Rmd’
    
    SUMMARY: processing the following files failed:
     ‘recexcavAAR-vignette-1.Rmd’ ‘recexcavAAR-vignette-2.Rmd’
     ‘recexcavAAR-vignette-3.Rmd’
    
    Error: Vignette re-building failed.
    Execution halted
Flavors: r-release-macos-x86_64, r-oldrel-macos-x86_64