CRAN Package Check Results for Package rex

Last updated on 2021-03-04 00:48:08 CET.

Flavor Version Tinstall Tcheck Ttotal Status Flags
r-devel-linux-x86_64-debian-clang 1.2.0 2.38 34.51 36.89 OK
r-devel-linux-x86_64-debian-gcc 1.2.0 2.16 26.86 29.02 OK
r-devel-linux-x86_64-fedora-clang 1.2.0 53.86 OK
r-devel-linux-x86_64-fedora-gcc 1.2.0 44.49 OK
r-devel-windows-ix86+x86_64 1.2.0 7.00 43.00 50.00 OK
r-patched-linux-x86_64 1.2.0 2.75 33.59 36.34 OK
r-patched-solaris-x86 1.2.0 65.50 OK
r-release-linux-x86_64 1.2.0 2.08 33.36 35.44 OK
r-release-macos-x86_64 1.2.0 WARN
r-release-windows-ix86+x86_64 1.2.0 6.00 40.00 46.00 OK
r-oldrel-macos-x86_64 1.2.0 OK
r-oldrel-windows-ix86+x86_64 1.2.0 39.00 48.00 87.00 OK

Check Details

Version: 1.2.0
Check: re-building of vignette outputs
Result: WARN
    Error(s) in re-building vignettes:
     ...
    --- re-building ‘log_parsing.Rmd’ using rmarkdown
    Warning in engine$weave(file, quiet = quiet, encoding = enc) :
     Pandoc (>= 1.12.3) and/or pandoc-citeproc not available. Falling back to R Markdown v1.
    Error: processing vignette 'log_parsing.Rmd' failed with diagnostics:
    there is no package called 'stringi'
    --- failed re-building ‘log_parsing.Rmd’
    
    --- re-building ‘url_parsing.Rmd’ using rmarkdown
    Warning in engine$weave(file, quiet = quiet, encoding = enc) :
     Pandoc (>= 1.12.3) and/or pandoc-citeproc not available. Falling back to R Markdown v1.
    Error: processing vignette 'url_parsing.Rmd' failed with diagnostics:
    there is no package called 'stringi'
    --- failed re-building ‘url_parsing.Rmd’
    
    SUMMARY: processing the following files failed:
     ‘log_parsing.Rmd’ ‘url_parsing.Rmd’
    
    Error: Vignette re-building failed.
    Execution halted
Flavor: r-release-macos-x86_64