Last updated on 2021-03-04 00:48:08 CET.
Flavor | Version | Tinstall | Tcheck | Ttotal | Status | Flags |
---|---|---|---|---|---|---|
r-devel-linux-x86_64-debian-clang | 1.0.1 | 8.49 | 110.46 | 118.95 | OK | |
r-devel-linux-x86_64-debian-gcc | 1.0.1 | 6.28 | 80.59 | 86.87 | OK | |
r-devel-linux-x86_64-fedora-clang | 1.0.1 | 145.49 | NOTE | |||
r-devel-linux-x86_64-fedora-gcc | 1.0.1 | 135.98 | NOTE | |||
r-devel-windows-ix86+x86_64 | 1.0.1 | 19.00 | 113.00 | 132.00 | OK | |
r-patched-linux-x86_64 | 1.0.1 | 5.79 | 102.30 | 108.09 | OK | |
r-patched-solaris-x86 | 1.0.1 | 189.40 | NOTE | |||
r-release-linux-x86_64 | 1.0.1 | 5.38 | 105.16 | 110.54 | OK | |
r-release-macos-x86_64 | 1.0.1 | NOTE | ||||
r-release-windows-ix86+x86_64 | 1.0.1 | 15.00 | 110.00 | 125.00 | OK | |
r-oldrel-macos-x86_64 | 1.0.1 | NOTE | ||||
r-oldrel-windows-ix86+x86_64 | 1.0.1 | 16.00 | 140.00 | 156.00 | OK |
Version: 1.0.1
Check: dependencies in R code
Result: NOTE
Namespaces in Imports field not imported from:
‘prob’ ‘titanic’
All declared Imports should be used.
Flavors: r-devel-linux-x86_64-fedora-clang, r-devel-linux-x86_64-fedora-gcc, r-patched-solaris-x86, r-release-macos-x86_64, r-oldrel-macos-x86_64