Last updated on 2021-03-04 00:48:08 CET.
Flavor | Version | Tinstall | Tcheck | Ttotal | Status | Flags |
---|---|---|---|---|---|---|
r-devel-linux-x86_64-debian-clang | 0.5-5 | 17.07 | 64.87 | 81.94 | OK | |
r-devel-linux-x86_64-debian-gcc | 0.5-5 | 11.94 | 50.16 | 62.10 | OK | |
r-devel-linux-x86_64-fedora-clang | 0.5-5 | 107.56 | OK | |||
r-devel-linux-x86_64-fedora-gcc | 0.5-5 | 97.29 | OK | |||
r-devel-windows-ix86+x86_64 | 0.5-5 | 61.00 | 119.00 | 180.00 | NOTE | |
r-patched-linux-x86_64 | 0.5-5 | 13.97 | 62.60 | 76.57 | OK | |
r-patched-solaris-x86 | 0.5-5 | 136.50 | OK | |||
r-release-linux-x86_64 | 0.5-5 | 13.55 | 61.89 | 75.44 | OK | |
r-release-macos-x86_64 | 0.5-5 | NOTE | ||||
r-release-windows-ix86+x86_64 | 0.5-5 | 51.00 | 127.00 | 178.00 | NOTE | |
r-oldrel-macos-x86_64 | 0.5-5 | NOTE | ||||
r-oldrel-windows-ix86+x86_64 | 0.5-5 | 60.00 | 138.00 | 198.00 | OK |
Version: 0.5-5
Check: installed package size
Result: NOTE
installed size is 5.1Mb
sub-directories of 1Mb or more:
libs 4.2Mb
Flavors: r-devel-windows-ix86+x86_64, r-release-macos-x86_64, r-release-windows-ix86+x86_64, r-oldrel-macos-x86_64