CRAN Package Check Results for Package rms

Last updated on 2021-03-04 00:48:08 CET.

Flavor Version Tinstall Tcheck Ttotal Status Flags
r-devel-linux-x86_64-debian-clang 6.1-1 40.67 285.55 326.22 OK
r-devel-linux-x86_64-debian-gcc 6.1-1 34.83 209.84 244.67 OK
r-devel-linux-x86_64-fedora-clang 6.1-1 408.04 OK
r-devel-linux-x86_64-fedora-gcc 6.1-1 400.05 OK
r-devel-windows-ix86+x86_64 6.1-1 80.00 413.00 493.00 OK
r-patched-linux-x86_64 6.1-1 36.91 258.59 295.50 OK
r-patched-solaris-x86 6.1-1 467.20 OK
r-release-linux-x86_64 6.1-1 28.21 257.65 285.86 OK
r-release-macos-x86_64 6.1-1 OK
r-release-windows-ix86+x86_64 6.1-1 57.00 310.00 367.00 OK
r-oldrel-macos-x86_64 6.1-1 NOTE
r-oldrel-windows-ix86+x86_64 6.1-1 73.00 396.00 469.00 OK

Check Details

Version: 6.1-1
Check: dependencies in R code
Result: NOTE
    No protocol specified
    No protocol specified
Flavor: r-oldrel-macos-x86_64