CRAN Package Check Results for Package rmsb

Last updated on 2021-03-04 00:48:08 CET.

Flavor Version Tinstall Tcheck Ttotal Status Flags
r-devel-linux-x86_64-debian-clang 0.0.2 390.24 174.30 564.54 NOTE
r-devel-linux-x86_64-debian-gcc 0.0.2 307.26 141.40 448.66 NOTE
r-devel-linux-x86_64-fedora-clang 0.0.2 776.64 NOTE
r-devel-linux-x86_64-fedora-gcc 0.0.2 768.85 NOTE
r-devel-windows-ix86+x86_64 0.0.2 816.00 318.00 1134.00 NOTE
r-patched-linux-x86_64 0.0.2 285.69 172.44 458.13 NOTE
r-patched-solaris-x86 0.0.2 696.00 NOTE
r-release-linux-x86_64 0.0.2 281.98 175.97 457.95 NOTE
r-release-macos-x86_64 0.0.1 NOTE
r-release-windows-ix86+x86_64 0.0.2 2.00 9.00 11.00 ERROR
r-oldrel-macos-x86_64 0.0.2 NOTE
r-oldrel-windows-ix86+x86_64 0.0.1 530.00 266.00 796.00 NOTE

Check Details

Version: 0.0.2
Check: for GNU extensions in Makefiles
Result: NOTE
    GNU make is a SystemRequirements.
Flavors: r-devel-linux-x86_64-debian-clang, r-devel-linux-x86_64-debian-gcc, r-devel-linux-x86_64-fedora-clang, r-devel-linux-x86_64-fedora-gcc, r-devel-windows-ix86+x86_64, r-patched-linux-x86_64, r-patched-solaris-x86, r-release-linux-x86_64, r-oldrel-macos-x86_64

Version: 0.0.2
Check: installed package size
Result: NOTE
     installed size is 64.2Mb
     sub-directories of 1Mb or more:
     libs 63.6Mb
Flavors: r-devel-linux-x86_64-fedora-clang, r-devel-windows-ix86+x86_64, r-oldrel-macos-x86_64

Version: 0.0.2
Check: dependencies in R code
Result: NOTE
    Namespaces in Imports field not imported from:
     ‘RcppParallel’ ‘rstantools’
     All declared Imports should be used.
Flavors: r-devel-linux-x86_64-fedora-clang, r-devel-linux-x86_64-fedora-gcc, r-patched-solaris-x86, r-oldrel-macos-x86_64

Version: 0.0.2
Check: Rd cross-references
Result: NOTE
    Undeclared package ‘coda’ in Rd xrefs
Flavor: r-devel-linux-x86_64-fedora-clang

Version: 0.0.1
Check: installed package size
Result: NOTE
     installed size is 45.0Mb
     sub-directories of 1Mb or more:
     libs 44.5Mb
Flavors: r-release-macos-x86_64, r-oldrel-windows-ix86+x86_64

Version: 0.0.1
Check: dependencies in R code
Result: NOTE
    Namespaces in Imports field not imported from:
     ‘RcppParallel’ ‘rstantools’
     All declared Imports should be used.
Flavor: r-release-macos-x86_64

Version: 0.0.1
Check: for GNU extensions in Makefiles
Result: NOTE
    GNU make is a SystemRequirements.
Flavors: r-release-macos-x86_64, r-oldrel-windows-ix86+x86_64

Version: 0.0.2
Check: whether package can be installed
Result: ERROR
    Installation failed.
Flavor: r-release-windows-ix86+x86_64

Version: 0.0.2
Check: R code for possible problems
Result: NOTE
    blrmStats: no visible global function definition for ‘plot’
    Undefined global functions or variables:
     plot
    Consider adding
     importFrom("graphics", "plot")
    to your NAMESPACE file.
Flavor: r-oldrel-macos-x86_64

Version: 0.0.1
Check: R code for possible problems
Result: NOTE
    blrmStats: no visible global function definition for 'plot'
    Undefined global functions or variables:
     plot
    Consider adding
     importFrom("graphics", "plot")
    to your NAMESPACE file.
Flavor: r-oldrel-windows-ix86+x86_64