Last updated on 2021-03-04 00:48:08 CET.
Flavor | Version | Tinstall | Tcheck | Ttotal | Status | Flags |
---|---|---|---|---|---|---|
r-devel-linux-x86_64-debian-clang | 1.1.1 | 156.79 | 105.35 | 262.14 | OK | |
r-devel-linux-x86_64-debian-gcc | 1.1.1 | 100.92 | 79.27 | 180.19 | OK | |
r-devel-linux-x86_64-fedora-clang | 1.1.1 | 371.15 | NOTE | |||
r-devel-linux-x86_64-fedora-gcc | 1.1.1 | 328.13 | OK | |||
r-devel-windows-ix86+x86_64 | 1.1.1 | 371.00 | 176.00 | 547.00 | OK | |
r-patched-linux-x86_64 | 1.1.1 | 99.64 | 96.54 | 196.18 | OK | |
r-patched-solaris-x86 | 1.1.1 | 324.50 | OK | |||
r-release-linux-x86_64 | 1.1.1 | 100.22 | 96.15 | 196.37 | OK | |
r-release-macos-x86_64 | 1.1.1 | NOTE | ||||
r-release-windows-ix86+x86_64 | 1.1.1 | 280.00 | 133.00 | 413.00 | OK | |
r-oldrel-macos-x86_64 | 1.1.1 | NOTE | ||||
r-oldrel-windows-ix86+x86_64 | 1.1.1 | 330.00 | 162.00 | 492.00 | OK |
Version: 1.1.1
Check: installed package size
Result: NOTE
installed size is 7.6Mb
sub-directories of 1Mb or more:
libs 7.4Mb
Flavors: r-devel-linux-x86_64-fedora-clang, r-release-macos-x86_64, r-oldrel-macos-x86_64