Last updated on 2021-03-04 00:48:08 CET.
Flavor | Version | Tinstall | Tcheck | Ttotal | Status | Flags |
---|---|---|---|---|---|---|
r-devel-linux-x86_64-debian-clang | 0.3.1 | 7.53 | 65.04 | 72.57 | OK | |
r-devel-linux-x86_64-debian-gcc | 0.3.1 | 5.39 | 49.04 | 54.43 | OK | |
r-devel-linux-x86_64-fedora-clang | 0.3.1 | 95.37 | NOTE | |||
r-devel-linux-x86_64-fedora-gcc | 0.3.1 | 79.04 | OK | |||
r-devel-windows-ix86+x86_64 | 0.3.1 | 12.00 | 83.00 | 95.00 | OK | |
r-patched-linux-x86_64 | 0.3.1 | 6.90 | 61.15 | 68.05 | OK | |
r-patched-solaris-x86 | 0.3.1 | 130.50 | OK | |||
r-release-linux-x86_64 | 0.3.1 | 6.88 | 60.50 | 67.38 | OK | |
r-release-macos-x86_64 | 0.3.1 | OK | ||||
r-release-windows-ix86+x86_64 | 0.3.1 | 13.00 | 66.00 | 79.00 | OK | |
r-oldrel-macos-x86_64 | 0.3.1 | OK | ||||
r-oldrel-windows-ix86+x86_64 | 0.3.1 | 15.00 | 79.00 | 94.00 | OK |
Version: 0.3.1
Check: Rd cross-references
Result: NOTE
Undeclared package ‘readroper’ in Rd xrefs
Flavor: r-devel-linux-x86_64-fedora-clang