CRAN Package Check Results for Package roxygen2md

Last updated on 2021-03-04 00:48:08 CET.

Flavor Version Tinstall Tcheck Ttotal Status Flags
r-devel-linux-x86_64-debian-clang 1.0.0 3.37 32.05 35.42 OK
r-devel-linux-x86_64-debian-gcc 1.0.0 2.61 24.83 27.44 OK
r-devel-linux-x86_64-fedora-clang 1.0.0 51.99 NOTE
r-devel-linux-x86_64-fedora-gcc 1.0.0 41.23 NOTE
r-devel-windows-ix86+x86_64 1.0.0 8.00 47.00 55.00 OK
r-patched-linux-x86_64 1.0.0 3.33 30.42 33.75 OK
r-patched-solaris-x86 1.0.0 63.90 NOTE
r-release-linux-x86_64 1.0.0 3.26 30.41 33.67 OK
r-release-macos-x86_64 1.0.0 NOTE
r-release-windows-ix86+x86_64 1.0.0 7.00 41.00 48.00 OK
r-oldrel-macos-x86_64 1.0.0 NOTE
r-oldrel-windows-ix86+x86_64 1.0.0 6.00 49.00 55.00 OK

Check Details

Version: 1.0.0
Check: dependencies in R code
Result: NOTE
    Namespace in Imports field not imported from: ‘withr’
     All declared Imports should be used.
Flavors: r-devel-linux-x86_64-fedora-clang, r-devel-linux-x86_64-fedora-gcc, r-patched-solaris-x86, r-release-macos-x86_64, r-oldrel-macos-x86_64