Last updated on 2021-03-04 00:48:08 CET.
Flavor | Version | Tinstall | Tcheck | Ttotal | Status | Flags |
---|---|---|---|---|---|---|
r-devel-linux-x86_64-debian-clang | 4.1-15 | 11.23 | 71.29 | 82.52 | OK | |
r-devel-linux-x86_64-debian-gcc | 4.1-15 | 7.47 | 55.11 | 62.58 | OK | |
r-devel-linux-x86_64-fedora-clang | 4.1-15 | 109.76 | NOTE | |||
r-devel-linux-x86_64-fedora-gcc | 4.1-15 | 98.70 | OK | |||
r-devel-windows-ix86+x86_64 | 4.1-15 | 40.00 | 117.00 | 157.00 | OK | |
r-patched-linux-x86_64 | 4.1-15 | 6.99 | 67.98 | 74.97 | OK | |
r-patched-solaris-x86 | 4.1-15 | OK | ||||
r-release-linux-x86_64 | 4.1-15 | 6.34 | 68.10 | 74.44 | OK | |
r-release-macos-x86_64 | 4.1-15 | OK | ||||
r-release-windows-ix86+x86_64 | 4.1-15 | 40.00 | 121.00 | 161.00 | OK | |
r-oldrel-macos-x86_64 | 4.1-15 | OK | ||||
r-oldrel-windows-ix86+x86_64 | 4.1-15 | 50.00 | 120.00 | 170.00 | OK |
Version: 4.1-15
Check: Rd cross-references
Result: NOTE
Undeclared package ‘tree’ in Rd xrefs
Flavor: r-devel-linux-x86_64-fedora-clang