CRAN Package Check Results for Package rscala

Last updated on 2021-03-04 00:48:09 CET.

Flavor Version Tinstall Tcheck Ttotal Status Flags
r-devel-linux-x86_64-debian-clang 3.2.19 21.39 148.05 169.44 OK
r-devel-linux-x86_64-debian-gcc 3.2.19 19.13 112.61 131.74 OK
r-devel-linux-x86_64-fedora-clang 3.2.19 177.88 OK
r-devel-linux-x86_64-fedora-gcc 3.2.19 171.91 OK
r-devel-windows-ix86+x86_64 3.2.19 18.00 245.00 263.00 OK
r-patched-linux-x86_64 3.2.19 21.72 151.00 172.72 OK
r-release-linux-x86_64 3.2.19 19.59 150.79 170.38 OK
r-release-macos-x86_64 3.2.19 NOTE
r-release-windows-ix86+x86_64 3.2.19 18.00 221.00 239.00 OK
r-oldrel-macos-x86_64 3.2.19 NOTE
r-oldrel-windows-ix86+x86_64 3.2.19 37.00 237.00 274.00 OK

Check Details

Version: 3.2.19
Check: installed package size
Result: NOTE
     installed size is 21.4Mb
     sub-directories of 1Mb or more:
     dependencies 20.2Mb
Flavors: r-release-macos-x86_64, r-oldrel-macos-x86_64