Last updated on 2021-03-04 00:48:09 CET.
Flavor | Version | Tinstall | Tcheck | Ttotal | Status | Flags |
---|---|---|---|---|---|---|
r-devel-linux-x86_64-debian-clang | 0.18.0 | 3.20 | 31.09 | 34.29 | OK | |
r-devel-linux-x86_64-debian-gcc | 0.18.0 | 2.38 | 24.19 | 26.57 | OK | |
r-devel-linux-x86_64-fedora-clang | 0.18.0 | 49.73 | NOTE | |||
r-devel-linux-x86_64-fedora-gcc | 0.18.0 | 40.20 | NOTE | |||
r-devel-windows-ix86+x86_64 | 0.18.0 | 7.00 | 52.00 | 59.00 | OK | |
r-patched-linux-x86_64 | 0.18.0 | 2.81 | 30.11 | 32.92 | OK | |
r-patched-solaris-x86 | 0.18.0 | 58.90 | NOTE | |||
r-release-linux-x86_64 | 0.18.0 | 2.94 | 30.20 | 33.14 | OK | |
r-release-macos-x86_64 | 0.18.0 | NOTE | ||||
r-release-windows-ix86+x86_64 | 0.18.0 | 6.00 | 35.00 | 41.00 | OK | |
r-oldrel-macos-x86_64 | 0.18.0 | NOTE | ||||
r-oldrel-windows-ix86+x86_64 | 0.18.0 | 5.00 | 50.00 | 55.00 | OK |
Version: 0.18.0
Check: dependencies in R code
Result: NOTE
Namespace in Imports field not imported from: ‘tidyselect’
All declared Imports should be used.
Flavors: r-devel-linux-x86_64-fedora-clang, r-devel-linux-x86_64-fedora-gcc, r-patched-solaris-x86, r-release-macos-x86_64, r-oldrel-macos-x86_64