CRAN Package Check Results for Package rstan

Last updated on 2021-03-04 00:48:09 CET.

Flavor Version Tinstall Tcheck Ttotal Status Flags
r-devel-linux-x86_64-debian-clang 2.21.2 816.42 470.04 1286.46 NOTE
r-devel-linux-x86_64-debian-gcc 2.21.2 746.18 350.37 1096.55 NOTE
r-devel-linux-x86_64-fedora-clang 2.21.2 1724.21 NOTE
r-devel-linux-x86_64-fedora-gcc 2.21.2 1922.98 NOTE
r-devel-windows-ix86+x86_64 2.21.2 1919.00 603.00 2522.00 NOTE
r-patched-linux-x86_64 2.21.2 834.38 455.76 1290.14 NOTE
r-patched-solaris-x86 2.21.2 1593.90 NOTE
r-release-linux-x86_64 2.21.2 826.91 452.12 1279.03 NOTE
r-release-macos-x86_64 2.21.2 NOTE
r-release-windows-ix86+x86_64 2.21.2 1435.00 478.00 1913.00 NOTE
r-oldrel-macos-x86_64 2.21.2 NOTE
r-oldrel-windows-ix86+x86_64 2.21.2 1919.00 607.00 2526.00 WARN

Check Details

Version: 2.21.2
Check: for GNU extensions in Makefiles
Result: NOTE
    GNU make is a SystemRequirements.
Flavors: r-devel-linux-x86_64-debian-clang, r-devel-linux-x86_64-debian-gcc, r-devel-linux-x86_64-fedora-clang, r-devel-linux-x86_64-fedora-gcc, r-devel-windows-ix86+x86_64, r-patched-linux-x86_64, r-patched-solaris-x86, r-release-linux-x86_64, r-release-windows-ix86+x86_64, r-oldrel-macos-x86_64, r-oldrel-windows-ix86+x86_64

Version: 2.21.2
Check: installed package size
Result: NOTE
     installed size is 224.7Mb
     sub-directories of 1Mb or more:
     lib 38.0Mb
     libs 183.9Mb
Flavors: r-devel-linux-x86_64-fedora-clang, r-devel-windows-ix86+x86_64, r-patched-solaris-x86, r-release-macos-x86_64, r-release-windows-ix86+x86_64, r-oldrel-macos-x86_64, r-oldrel-windows-ix86+x86_64

Version: 2.21.2
Check: Rd cross-references
Result: NOTE
    Undeclared packages ‘coda’, ‘rstanarm’ in Rd xrefs
Flavor: r-devel-linux-x86_64-fedora-clang

Version: 2.21.2
Check: replacement functions
Result: WARN
    
    <--- Last few GCs --->
    
    
    <--- JS stacktrace --->
    
    
    #
    # Fatal process OOM in Zone
    #
    
    
    ==== C stack trace ===============================
    
     (No symbol) [0x0xcd7eabd]
     (No symbol) [0x0xc7db6dd]
     (No symbol) [0x0xc7db8df]
     (No symbol) [0x0xcabfc07]
     (No symbol) [0x0xcabfc6c]
     (No symbol) [0x0xc84dde8]
     (No symbol) [0x0xc8523f8]
     (No symbol) [0x0xc85436f]
     (No symbol) [0x0xc854598]
     (No symbol) [0x0xc8545f1]
     (No symbol) [0x0xc845b49]
     (No symbol) [0x0xc8470fa]
     (No symbol) [0x0xc847a3e]
     (No symbol) [0x0xc848467]
     (No symbol) [0x0xc833a17]
     (No symbol) [0x0xcd7fcfe]
     (No symbol) [0x0xcd86e49]
     (No symbol) [0x0xc970c6a]
     (No symbol) [0x0xc7efd0f]
     (No symbol) [0x0xc7d3e4b]
     (No symbol) [0x0x6c728052]
     (No symbol) [0x0x6c7f2e69]
     (No symbol) [0x0x6c801be1]
     (No symbol) [0x0x6c803698]
     (No symbol) [0x0x6c80471f]
     (No symbol) [0x0x6c7f87ff]
     (No symbol) [0x0x6c801be1]
     (No symbol) [0x0x6c803698]
     (No symbol) [0x0x6c80471f]
     (No symbol) [0x0x6c7f87ff]
     (No symbol) [0x0x6c801be1]
     (No symbol) [0x0x6c803698]
     (No symbol) [0x0x6c80471f]
     (No symbol) [0x0x6c7f87ff]
     (No symbol) [0x0x6c801be1]
     (No symbol) [0x0x6c803698]
     (No symbol) [0x0x6c80471f]
     (No symbol) [0x0x6c7f87ff]
     (No symbol) [0x0x6c801be1]
     (No symbol) [0x0x6c80228c]
     (No symbol) [0x0x6c802b2a]
     (No symbol) [0x0x6c7f6352]
     (No symbol) [0x0x6c801be1]
     (No symbol) [0x0x6c80228c]
     (No symbol) [0x0x6c802b2a]
     (No symbol) [0x0x6c7f6352]
     (No symbol) [0x0x6c801be1]
     (No symbol) [0x0x6c803698]
     (No symbol) [0x0x6c80471f]
     (No symbol) [0x0x6c7f87ff]
     (No symbol) [0x0x6c801be1]
     (No symbol) [0x0x6c803698]
     (No symbol) [0x0x6c80471f]
     (No symbol) [0x0x6c7f87ff]
     (No symbol) [0x0x6c801be1]
     (No symbol) [0x0x6c803698]
     (No symbol) [0x0x6c80471f]
     (No symbol) [0x0x6c7f87ff]
     (No symbol) [0x0x6c801be1]
     (No symbol) [0x0x6c80228c]
     (No symbol) [0x0x6c802b2a]
     (No symbol) [0x0x6c7f6352]
    The argument of a replacement function which corresponds to the right
    hand side must be named 'value'.
Flavor: r-oldrel-windows-ix86+x86_64