CRAN Package Check Results for Package saeSim

Last updated on 2021-03-04 00:48:09 CET.

Flavor Version Tinstall Tcheck Ttotal Status Flags
r-devel-linux-x86_64-debian-clang 0.10.0 18.81 183.64 202.45 OK
r-devel-linux-x86_64-debian-gcc 0.10.0 16.62 138.46 155.08 OK
r-devel-linux-x86_64-fedora-clang 0.10.0 245.92 NOTE
r-devel-linux-x86_64-fedora-gcc 0.10.0 241.04 OK
r-devel-windows-ix86+x86_64 0.10.0 44.00 173.00 217.00 OK
r-patched-linux-x86_64 0.10.0 20.24 173.00 193.24 OK
r-patched-solaris-x86 0.10.0 376.00 OK
r-release-linux-x86_64 0.10.0 17.90 173.07 190.97 OK
r-release-macos-x86_64 0.10.0 OK
r-release-windows-ix86+x86_64 0.10.0 34.00 164.00 198.00 OK
r-oldrel-macos-x86_64 0.10.0 OK
r-oldrel-windows-ix86+x86_64 0.10.0 37.00 209.00 246.00 OK

Check Details

Version: 0.10.0
Check: Rd cross-references
Result: NOTE
    Undeclared packages ‘magrittr’, ‘rlang’ in Rd xrefs
Flavor: r-devel-linux-x86_64-fedora-clang