Last updated on 2021-03-04 00:48:09 CET.
Flavor | Version | Tinstall | Tcheck | Ttotal | Status | Flags |
---|---|---|---|---|---|---|
r-devel-linux-x86_64-debian-clang | 0.2-4.1 | 3.25 | 36.11 | 39.36 | NOTE | |
r-devel-linux-x86_64-debian-gcc | 0.2-4.1 | 2.51 | 28.21 | 30.72 | NOTE | |
r-devel-linux-x86_64-fedora-clang | 0.2-4.1 | 59.51 | NOTE | |||
r-devel-linux-x86_64-fedora-gcc | 0.2-4.1 | 48.40 | NOTE | |||
r-devel-windows-ix86+x86_64 | 0.2-4.1 | 8.00 | 66.00 | 74.00 | OK | |
r-patched-linux-x86_64 | 0.2-4.1 | 3.29 | 33.90 | 37.19 | NOTE | |
r-patched-solaris-x86 | 0.2-4.1 | 78.50 | OK | |||
r-release-linux-x86_64 | 0.2-4.1 | 3.09 | 34.31 | 37.40 | NOTE | |
r-release-macos-x86_64 | 0.2-4.1 | OK | ||||
r-release-windows-ix86+x86_64 | 0.2-4.1 | 6.00 | 37.00 | 43.00 | OK | |
r-oldrel-macos-x86_64 | 0.2-4.1 | OK | ||||
r-oldrel-windows-ix86+x86_64 | 0.2-4.1 | 5.00 | 38.00 | 43.00 | OK |
Version: 0.2-4.1
Check: top-level files
Result: NOTE
Non-standard file/directory found at top level:
'src-java'
Flavors: r-devel-linux-x86_64-debian-clang, r-devel-linux-x86_64-debian-gcc, r-devel-linux-x86_64-fedora-clang, r-devel-linux-x86_64-fedora-gcc, r-patched-linux-x86_64, r-release-linux-x86_64