Last updated on 2021-03-04 00:48:09 CET.
Flavor | Version | Tinstall | Tcheck | Ttotal | Status | Flags |
---|---|---|---|---|---|---|
r-devel-linux-x86_64-debian-clang | 1.1.1 | 8.44 | 61.61 | 70.05 | OK | |
r-devel-linux-x86_64-debian-gcc | 1.1.1 | 6.36 | 46.73 | 53.09 | OK | |
r-devel-linux-x86_64-fedora-clang | 1.1.1 | 93.72 | NOTE | |||
r-devel-linux-x86_64-fedora-gcc | 1.1.1 | 80.14 | OK | |||
r-devel-windows-ix86+x86_64 | 1.1.1 | 14.00 | 82.00 | 96.00 | OK | |
r-patched-linux-x86_64 | 1.1.1 | 8.95 | 57.41 | 66.36 | OK | |
r-patched-solaris-x86 | 1.1.1 | 106.80 | OK | |||
r-release-linux-x86_64 | 1.1.1 | 9.02 | 56.54 | 65.56 | OK | |
r-release-macos-x86_64 | 1.1.1 | OK | ||||
r-release-windows-ix86+x86_64 | 1.1.1 | 12.00 | 72.00 | 84.00 | OK | |
r-oldrel-macos-x86_64 | 1.1.1 | OK | ||||
r-oldrel-windows-ix86+x86_64 | 1.1.1 | 12.00 | 81.00 | 93.00 | OK |
Version: 1.1.1
Check: Rd cross-references
Result: NOTE
Undeclared package ‘plyr’ in Rd xrefs
Flavor: r-devel-linux-x86_64-fedora-clang