CRAN Package Check Results for Package sdStaf

Last updated on 2021-03-04 00:48:09 CET.

Flavor Version Tinstall Tcheck Ttotal Status Flags
r-devel-linux-x86_64-debian-clang 1.0.2 13.13 130.16 143.29 OK
r-devel-linux-x86_64-debian-gcc 1.0.2 10.44 97.96 108.40 OK
r-devel-linux-x86_64-fedora-clang 1.0.2 177.99 NOTE
r-devel-linux-x86_64-fedora-gcc 1.0.2 166.89 NOTE
r-devel-windows-ix86+x86_64 1.0.2 31.00 129.00 160.00 OK
r-patched-linux-x86_64 1.0.2 15.06 119.66 134.72 OK
r-patched-solaris-x86 1.0.2 236.30 NOTE
r-release-linux-x86_64 1.0.2 12.68 119.18 131.86 OK
r-release-macos-x86_64 1.0.2 NOTE
r-release-windows-ix86+x86_64 1.0.2 24.00 109.00 133.00 OK
r-oldrel-macos-x86_64 1.0.2 NOTE
r-oldrel-windows-ix86+x86_64 1.0.2 28.00 138.00 166.00 OK

Check Details

Version: 1.0.2
Check: dependencies in R code
Result: NOTE
    Namespaces in Imports field not imported from:
     ‘rgdal’ ‘rgeos’ ‘tidyr’
     All declared Imports should be used.
Flavors: r-devel-linux-x86_64-fedora-clang, r-devel-linux-x86_64-fedora-gcc, r-patched-solaris-x86, r-release-macos-x86_64, r-oldrel-macos-x86_64