CRAN Package Check Results for Package sdcLog

Last updated on 2021-03-04 00:48:09 CET.

Flavor Version Tinstall Tcheck Ttotal Status Flags
r-devel-linux-x86_64-debian-clang 0.2.0 4.86 67.38 72.24 OK
r-devel-linux-x86_64-debian-gcc 0.2.0 4.28 50.03 54.31 OK
r-devel-linux-x86_64-fedora-clang 0.2.0 96.36 NOTE
r-devel-linux-x86_64-fedora-gcc 0.2.0 83.92 NOTE
r-devel-windows-ix86+x86_64 0.2.0 9.00 76.00 85.00 OK
r-patched-linux-x86_64 0.2.0 4.25 62.78 67.03 OK
r-patched-solaris-x86 0.2.0 118.90 NOTE
r-release-linux-x86_64 0.2.0 5.06 63.25 68.31 OK
r-release-macos-x86_64 0.2.0 NOTE
r-release-windows-ix86+x86_64 0.2.0 13.00 89.00 102.00 OK
r-oldrel-macos-x86_64 0.2.0 NOTE
r-oldrel-windows-ix86+x86_64 0.2.0 10.00 81.00 91.00 OK

Check Details

Version: 0.2.0
Check: dependencies in R code
Result: NOTE
    Namespace in Imports field not imported from: ‘methods’
     All declared Imports should be used.
Flavors: r-devel-linux-x86_64-fedora-clang, r-devel-linux-x86_64-fedora-gcc, r-patched-solaris-x86, r-release-macos-x86_64, r-oldrel-macos-x86_64