CRAN Package Check Results for Package sdmApp

Last updated on 2021-03-04 00:48:09 CET.

Flavor Version Tinstall Tcheck Ttotal Status Flags
r-devel-linux-x86_64-debian-clang 0.0.1 3.42 48.05 51.47 OK
r-devel-linux-x86_64-debian-gcc 0.0.1 2.75 37.08 39.83 OK
r-devel-linux-x86_64-fedora-clang 0.0.1 69.97 NOTE
r-devel-linux-x86_64-fedora-gcc 0.0.1 58.35 NOTE
r-devel-windows-ix86+x86_64 0.0.1 10.00 60.00 70.00 OK
r-patched-linux-x86_64 0.0.1 2.65 46.69 49.34 OK
r-patched-solaris-x86 0.0.1 86.90 NOTE
r-release-linux-x86_64 0.0.1 2.68 45.35 48.03 OK
r-release-macos-x86_64 0.0.1 NOTE
r-release-windows-ix86+x86_64 0.0.1 9.00 51.00 60.00 OK
r-oldrel-macos-x86_64 0.0.1 NOTE
r-oldrel-windows-ix86+x86_64 0.0.1 7.00 65.00 72.00 OK

Check Details

Version: 0.0.1
Check: package dependencies
Result: NOTE
    Imports includes 24 non-default packages.
    Importing from so many packages makes the package vulnerable to any of
    them becoming unavailable. Move as many as possible to Suggests and
    use conditionally.
Flavor: r-devel-linux-x86_64-fedora-clang

Version: 0.0.1
Check: dependencies in R code
Result: NOTE
    Namespaces in Imports field not imported from:
     ‘CENFA’ ‘DT’ ‘SSDM’ ‘biomod2’ ‘blockCV’ ‘data.table’ ‘dismo’
     ‘ggcorrplot’ ‘haven’ ‘kernlab’ ‘rJava’ ‘randomForest’ ‘readxl’
     ‘rgeos’ ‘rhandsontable’ ‘shinyBS’ ‘shinyFiles’ ‘sp’ ‘tidyverse’
     All declared Imports should be used.
Flavors: r-devel-linux-x86_64-fedora-clang, r-devel-linux-x86_64-fedora-gcc, r-patched-solaris-x86, r-release-macos-x86_64, r-oldrel-macos-x86_64

Version: 0.0.1
Check: installed package size
Result: NOTE
     installed size is 5.1Mb
     sub-directories of 1Mb or more:
     docs 1.9Mb
     extdata 2.1Mb
Flavor: r-patched-solaris-x86