Last updated on 2021-03-04 00:48:09 CET.
Flavor | Version | Tinstall | Tcheck | Ttotal | Status | Flags |
---|---|---|---|---|---|---|
r-devel-linux-x86_64-debian-clang | 0.9.1 | 6.39 | 69.85 | 76.24 | OK | |
r-devel-linux-x86_64-debian-gcc | 0.9.1 | 6.74 | 53.13 | 59.87 | OK | |
r-devel-linux-x86_64-fedora-clang | 0.9.1 | 101.54 | NOTE | |||
r-devel-linux-x86_64-fedora-gcc | 0.9.1 | 89.40 | NOTE | |||
r-devel-windows-ix86+x86_64 | 0.9.1 | 17.00 | 80.00 | 97.00 | OK | |
r-patched-linux-x86_64 | 0.9.1 | 4.86 | 64.92 | 69.78 | OK | |
r-patched-solaris-x86 | 0.9.1 | 117.70 | NOTE | |||
r-release-linux-x86_64 | 0.9.1 | 5.26 | 64.41 | 69.67 | OK | |
r-release-macos-x86_64 | 0.9.1 | NOTE | ||||
r-release-windows-ix86+x86_64 | 0.9.1 | 11.00 | 64.00 | 75.00 | OK | |
r-oldrel-macos-x86_64 | 0.9.1 | NOTE | ||||
r-oldrel-windows-ix86+x86_64 | 0.9.1 | 14.00 | 91.00 | 105.00 | OK |
Version: 0.9.1
Check: package dependencies
Result: NOTE
Package suggested but not available for checking: ‘rsbml’
Flavors: r-devel-linux-x86_64-fedora-clang, r-devel-linux-x86_64-fedora-gcc, r-patched-solaris-x86, r-release-macos-x86_64, r-oldrel-macos-x86_64