CRAN Package Check Results for Package seewave

Last updated on 2021-03-04 00:48:09 CET.

Flavor Version Tinstall Tcheck Ttotal Status Flags
r-devel-linux-x86_64-debian-clang 2.1.6 14.44 149.49 163.93 OK
r-devel-linux-x86_64-debian-gcc 2.1.6 11.94 116.21 128.15 OK
r-devel-linux-x86_64-fedora-clang 2.1.6 209.22 OK
r-devel-linux-x86_64-fedora-gcc 2.1.6 197.15 OK
r-devel-windows-ix86+x86_64 2.1.6 25.00 167.00 192.00 OK
r-patched-linux-x86_64 2.1.6 12.42 140.88 153.30 OK
r-patched-solaris-x86 2.1.6 237.90 OK
r-release-linux-x86_64 2.1.6 13.69 140.87 154.56 OK
r-release-macos-x86_64 2.1.6 NOTE
r-release-windows-ix86+x86_64 2.1.6 17.00 163.00 180.00 OK
r-oldrel-macos-x86_64 2.1.6 NOTE
r-oldrel-windows-ix86+x86_64 2.1.6 22.00 175.00 197.00 OK

Check Details

Version: 2.1.6
Check: package dependencies
Result: NOTE
    Package suggested but not available for checking: ‘rpanel’
Flavors: r-release-macos-x86_64, r-oldrel-macos-x86_64