CRAN Package Check Results for Package seqinr

Last updated on 2021-03-04 00:48:10 CET.

Flavor Version Tinstall Tcheck Ttotal Status Flags
r-devel-linux-x86_64-debian-clang 4.2-5 15.52 122.66 138.18 OK
r-devel-linux-x86_64-debian-gcc 4.2-5 12.59 93.50 106.09 OK
r-devel-linux-x86_64-fedora-clang 4.2-5 172.26 NOTE
r-devel-linux-x86_64-fedora-gcc 4.2-5 164.41 OK
r-devel-windows-ix86+x86_64 4.2-5 33.00 194.00 227.00 NOTE
r-patched-linux-x86_64 4.2-5 15.02 117.05 132.07 OK
r-patched-solaris-x86 4.2-5 236.20 NOTE
r-release-linux-x86_64 4.2-5 15.11 116.72 131.83 OK
r-release-macos-x86_64 4.2-5 NOTE
r-release-windows-ix86+x86_64 4.2-5 27.00 188.00 215.00 NOTE
r-oldrel-macos-x86_64 4.2-5 NOTE
r-oldrel-windows-ix86+x86_64 4.2-5 29.00 219.00 248.00 NOTE

Check Details

Version: 4.2-5
Check: installed package size
Result: NOTE
     installed size is 5.5Mb
     sub-directories of 1Mb or more:
     data 1.4Mb
     sequences 1.9Mb
Flavors: r-devel-linux-x86_64-fedora-clang, r-devel-windows-ix86+x86_64, r-patched-solaris-x86, r-release-macos-x86_64, r-release-windows-ix86+x86_64, r-oldrel-macos-x86_64, r-oldrel-windows-ix86+x86_64