CRAN Package Check Results for Package sharpData

Last updated on 2021-03-04 00:48:10 CET.

Flavor Version Tinstall Tcheck Ttotal Status Flags
r-devel-linux-x86_64-debian-clang 1.3 2.47 24.19 26.66 OK
r-devel-linux-x86_64-debian-gcc 1.3 1.95 18.92 20.87 OK
r-devel-linux-x86_64-fedora-clang 1.3 42.85 NOTE
r-devel-linux-x86_64-fedora-gcc 1.3 31.65 NOTE
r-devel-windows-ix86+x86_64 1.3 8.00 45.00 53.00 OK
r-patched-linux-x86_64 1.3 2.43 23.28 25.71 OK
r-patched-solaris-x86 1.3 49.20 OK
r-release-linux-x86_64 1.3 2.33 23.07 25.40 OK
r-release-macos-x86_64 1.3 OK
r-release-windows-ix86+x86_64 1.3 7.00 50.00 57.00 OK
r-oldrel-macos-x86_64 1.3 OK
r-oldrel-windows-ix86+x86_64 1.3 37.00 53.00 90.00 OK

Check Details

Version: 1.3
Check: compiled code
Result: NOTE
    File ‘sharpData/libs/sharpData.so’:
     Found no calls to: ‘R_registerRoutines’, ‘R_useDynamicSymbols’
    
    It is good practice to register native routines and to disable symbol
    search.
    
    See ‘Writing portable packages’ in the ‘Writing R Extensions’ manual.
Flavors: r-devel-linux-x86_64-fedora-clang, r-devel-linux-x86_64-fedora-gcc